{"id":15180,"date":"2020-06-27T23:53:20","date_gmt":"2020-06-27T23:53:20","guid":{"rendered":"http:\/\/www.tascatierrasdelsur.com\/?page_id=15180"},"modified":"2020-06-27T23:53:20","modified_gmt":"2020-06-27T23:53:20","slug":"feiern-und-bankette","status":"publish","type":"page","link":"https:\/\/www.tascatierrasdelsur.com\/de\/la-tasca\/feiern-und-bankette\/","title":{"rendered":"Feiern und Bankette"},"content":{"rendered":"<p><img loading=\"lazy\" decoding=\"async\" class=\"alignleft size-full wp-image-14869\" src=\"http:\/\/www.tascatierrasdelsur.com\/wp-content\/uploads\/2020\/06\/6984873169_309de5d51b-300x225-1.jpg\" alt=\"\" width=\"300\" height=\"225\" \/><\/p>\n<p class=\"p1\">In der Tasca richten wir Feiern bis zu 50 Personen aus:<\/p>\n<ul class=\"ul1\">\n<li class=\"li2\">Intime Hochzeiten<\/li>\n<li class=\"li2\">Komunionen und Taufen<\/li>\n<li class=\"li2\">Geburtstage<\/li>\n<li class=\"li2\">Polterabende<\/li>\n<li class=\"li2\">Gesch\u00e4ftsessen<\/li>\n<li class=\"li2\">Weihnachtsessen<\/li>\n<li class=\"li2\">Incentive Gesellschaften<\/li>\n<\/ul>\n<p class=\"p1\">Ab 35 Personen bieten wir Ihnen die M\u00f6glichkeit die Tasca exclusivamente f\u00fcr Ihre Feier zu nutzen. Ausserdem bieten wir Ihnen die pers\u00f6nliche Dekorationen\u00a0zu jedem Anlass, Livemusik oder andere Unterhaltungen.<\/p>\n","protected":false},"excerpt":{"rendered":"<p>In der Tasca richten wir Feiern bis zu 50 Personen aus: Intime Hochzeiten Komunionen und Taufen Geburtstage Polterabende Gesch\u00e4ftsessen Weihnachtsessen Incentive Gesellschaften Ab 35 Personen bieten wir Ihnen die M\u00f6glichkeit die Tasca exclusivamente f\u00fcr Ihre Feier zu nutzen. Ausserdem bieten wir Ihnen die pers\u00f6nliche Dekorationen\u00a0zu jedem Anlass, Livemusik oder andere Unterhaltungen.<\/p>\n","protected":false},"author":1,"featured_media":0,"parent":13675,"menu_order":0,"comment_status":"closed","ping_status":"closed","template":"","meta":{"footnotes":""},"yoast_head":"<!-- This site is optimized with the Yoast SEO plugin v23.5 - https:\/\/yoast.com\/wordpress\/plugins\/seo\/ -->\n<title>Feiern und Bankette - Tasca Tierras del Sur<\/title>\n<meta name=\"robots\" content=\"index, follow, max-snippet:-1, max-image-preview:large, max-video-preview:-1\" \/>\n<link rel=\"canonical\" href=\"https:\/\/www.tascatierrasdelsur.com\/de\/la-tasca\/feiern-und-bankette\/\" \/>\n<meta property=\"og:locale\" content=\"de_DE\" \/>\n<meta property=\"og:type\" content=\"article\" \/>\n<meta property=\"og:title\" content=\"Feiern und Bankette - Tasca Tierras del Sur\" \/>\n<meta property=\"og:description\" content=\"In der Tasca richten wir Feiern bis zu 50 Personen aus: Intime Hochzeiten Komunionen und Taufen Geburtstage Polterabende Gesch\u00e4ftsessen Weihnachtsessen Incentive Gesellschaften Ab 35 Personen bieten wir Ihnen die M\u00f6glichkeit die Tasca exclusivamente f\u00fcr Ihre Feier zu nutzen. Ausserdem bieten wir Ihnen die pers\u00f6nliche Dekorationen\u00a0zu jedem Anlass, Livemusik oder andere Unterhaltungen.\" \/>\n<meta property=\"og:url\" content=\"https:\/\/www.tascatierrasdelsur.com\/de\/la-tasca\/feiern-und-bankette\/\" \/>\n<meta property=\"og:site_name\" content=\"Tasca Tierras del Sur\" \/>\n<meta property=\"article:publisher\" content=\"https:\/\/www.facebook.com\/tascatierrasdelsur\" \/>\n<meta property=\"og:image\" content=\"http:\/\/www.tascatierrasdelsur.com\/wp-content\/uploads\/2020\/06\/6984873169_309de5d51b-300x225-1.jpg\" \/>\n<meta name=\"twitter:card\" content=\"summary_large_image\" \/>\n<script type=\"application\/ld+json\" class=\"yoast-schema-graph\">{\"@context\":\"https:\/\/schema.org\",\"@graph\":[{\"@type\":\"WebPage\",\"@id\":\"https:\/\/www.tascatierrasdelsur.com\/de\/la-tasca\/feiern-und-bankette\/\",\"url\":\"https:\/\/www.tascatierrasdelsur.com\/de\/la-tasca\/feiern-und-bankette\/\",\"name\":\"Feiern und Bankette - Tasca Tierras del Sur\",\"isPartOf\":{\"@id\":\"https:\/\/www.tascatierrasdelsur.com\/de\/#website\"},\"primaryImageOfPage\":{\"@id\":\"https:\/\/www.tascatierrasdelsur.com\/de\/la-tasca\/feiern-und-bankette\/#primaryimage\"},\"image\":{\"@id\":\"https:\/\/www.tascatierrasdelsur.com\/de\/la-tasca\/feiern-und-bankette\/#primaryimage\"},\"thumbnailUrl\":\"http:\/\/www.tascatierrasdelsur.com\/wp-content\/uploads\/2020\/06\/6984873169_309de5d51b-300x225-1.jpg\",\"datePublished\":\"2020-06-27T23:53:20+00:00\",\"dateModified\":\"2020-06-27T23:53:20+00:00\",\"breadcrumb\":{\"@id\":\"https:\/\/www.tascatierrasdelsur.com\/de\/la-tasca\/feiern-und-bankette\/#breadcrumb\"},\"inLanguage\":\"de-DE\",\"potentialAction\":[{\"@type\":\"ReadAction\",\"target\":[\"https:\/\/www.tascatierrasdelsur.com\/de\/la-tasca\/feiern-und-bankette\/\"]}]},{\"@type\":\"ImageObject\",\"inLanguage\":\"de-DE\",\"@id\":\"https:\/\/www.tascatierrasdelsur.com\/de\/la-tasca\/feiern-und-bankette\/#primaryimage\",\"url\":\"http:\/\/www.tascatierrasdelsur.com\/wp-content\/uploads\/2020\/06\/6984873169_309de5d51b-300x225-1.jpg\",\"contentUrl\":\"http:\/\/www.tascatierrasdelsur.com\/wp-content\/uploads\/2020\/06\/6984873169_309de5d51b-300x225-1.jpg\"},{\"@type\":\"BreadcrumbList\",\"@id\":\"https:\/\/www.tascatierrasdelsur.com\/de\/la-tasca\/feiern-und-bankette\/#breadcrumb\",\"itemListElement\":[{\"@type\":\"ListItem\",\"position\":1,\"name\":\"Portada\",\"item\":\"https:\/\/www.tascatierrasdelsur.com\/de\/\"},{\"@type\":\"ListItem\",\"position\":2,\"name\":\"La Tasca\",\"item\":\"https:\/\/www.tascatierrasdelsur.com\/de\/la-tasca\/\"},{\"@type\":\"ListItem\",\"position\":3,\"name\":\"Feiern und Bankette\"}]},{\"@type\":\"WebSite\",\"@id\":\"https:\/\/www.tascatierrasdelsur.com\/de\/#website\",\"url\":\"https:\/\/www.tascatierrasdelsur.com\/de\/\",\"name\":\"Tasca Tierras del Sur\",\"description\":\"Granadilla\",\"publisher\":{\"@id\":\"https:\/\/www.tascatierrasdelsur.com\/de\/#organization\"},\"potentialAction\":[{\"@type\":\"SearchAction\",\"target\":{\"@type\":\"EntryPoint\",\"urlTemplate\":\"https:\/\/www.tascatierrasdelsur.com\/de\/?s={search_term_string}\"},\"query-input\":{\"@type\":\"PropertyValueSpecification\",\"valueRequired\":true,\"valueName\":\"search_term_string\"}}],\"inLanguage\":\"de-DE\"},{\"@type\":\"Organization\",\"@id\":\"https:\/\/www.tascatierrasdelsur.com\/de\/#organization\",\"name\":\"Tasca Tierras Del Sur\",\"url\":\"https:\/\/www.tascatierrasdelsur.com\/de\/\",\"logo\":{\"@type\":\"ImageObject\",\"inLanguage\":\"de-DE\",\"@id\":\"https:\/\/www.tascatierrasdelsur.com\/de\/#\/schema\/logo\/image\/\",\"url\":\"https:\/\/www.tascatierrasdelsur.com\/wp-content\/uploads\/2020\/06\/logo-new4.png\",\"contentUrl\":\"https:\/\/www.tascatierrasdelsur.com\/wp-content\/uploads\/2020\/06\/logo-new4.png\",\"width\":240,\"height\":107,\"caption\":\"Tasca Tierras Del Sur\"},\"image\":{\"@id\":\"https:\/\/www.tascatierrasdelsur.com\/de\/#\/schema\/logo\/image\/\"},\"sameAs\":[\"https:\/\/www.facebook.com\/tascatierrasdelsur\"]}]}<\/script>\n<!-- \/ Yoast SEO plugin. -->","yoast_head_json":{"title":"Feiern und Bankette - Tasca Tierras del Sur","robots":{"index":"index","follow":"follow","max-snippet":"max-snippet:-1","max-image-preview":"max-image-preview:large","max-video-preview":"max-video-preview:-1"},"canonical":"https:\/\/www.tascatierrasdelsur.com\/de\/la-tasca\/feiern-und-bankette\/","og_locale":"de_DE","og_type":"article","og_title":"Feiern und Bankette - Tasca Tierras del Sur","og_description":"In der Tasca richten wir Feiern bis zu 50 Personen aus: Intime Hochzeiten Komunionen und Taufen Geburtstage Polterabende Gesch\u00e4ftsessen Weihnachtsessen Incentive Gesellschaften Ab 35 Personen bieten wir Ihnen die M\u00f6glichkeit die Tasca exclusivamente f\u00fcr Ihre Feier zu nutzen. Ausserdem bieten wir Ihnen die pers\u00f6nliche Dekorationen\u00a0zu jedem Anlass, Livemusik oder andere Unterhaltungen.","og_url":"https:\/\/www.tascatierrasdelsur.com\/de\/la-tasca\/feiern-und-bankette\/","og_site_name":"Tasca Tierras del Sur","article_publisher":"https:\/\/www.facebook.com\/tascatierrasdelsur","og_image":[{"url":"http:\/\/www.tascatierrasdelsur.com\/wp-content\/uploads\/2020\/06\/6984873169_309de5d51b-300x225-1.jpg"}],"twitter_card":"summary_large_image","schema":{"@context":"https:\/\/schema.org","@graph":[{"@type":"WebPage","@id":"https:\/\/www.tascatierrasdelsur.com\/de\/la-tasca\/feiern-und-bankette\/","url":"https:\/\/www.tascatierrasdelsur.com\/de\/la-tasca\/feiern-und-bankette\/","name":"Feiern und Bankette - Tasca Tierras del Sur","isPartOf":{"@id":"https:\/\/www.tascatierrasdelsur.com\/de\/#website"},"primaryImageOfPage":{"@id":"https:\/\/www.tascatierrasdelsur.com\/de\/la-tasca\/feiern-und-bankette\/#primaryimage"},"image":{"@id":"https:\/\/www.tascatierrasdelsur.com\/de\/la-tasca\/feiern-und-bankette\/#primaryimage"},"thumbnailUrl":"http:\/\/www.tascatierrasdelsur.com\/wp-content\/uploads\/2020\/06\/6984873169_309de5d51b-300x225-1.jpg","datePublished":"2020-06-27T23:53:20+00:00","dateModified":"2020-06-27T23:53:20+00:00","breadcrumb":{"@id":"https:\/\/www.tascatierrasdelsur.com\/de\/la-tasca\/feiern-und-bankette\/#breadcrumb"},"inLanguage":"de-DE","potentialAction":[{"@type":"ReadAction","target":["https:\/\/www.tascatierrasdelsur.com\/de\/la-tasca\/feiern-und-bankette\/"]}]},{"@type":"ImageObject","inLanguage":"de-DE","@id":"https:\/\/www.tascatierrasdelsur.com\/de\/la-tasca\/feiern-und-bankette\/#primaryimage","url":"http:\/\/www.tascatierrasdelsur.com\/wp-content\/uploads\/2020\/06\/6984873169_309de5d51b-300x225-1.jpg","contentUrl":"http:\/\/www.tascatierrasdelsur.com\/wp-content\/uploads\/2020\/06\/6984873169_309de5d51b-300x225-1.jpg"},{"@type":"BreadcrumbList","@id":"https:\/\/www.tascatierrasdelsur.com\/de\/la-tasca\/feiern-und-bankette\/#breadcrumb","itemListElement":[{"@type":"ListItem","position":1,"name":"Portada","item":"https:\/\/www.tascatierrasdelsur.com\/de\/"},{"@type":"ListItem","position":2,"name":"La Tasca","item":"https:\/\/www.tascatierrasdelsur.com\/de\/la-tasca\/"},{"@type":"ListItem","position":3,"name":"Feiern und Bankette"}]},{"@type":"WebSite","@id":"https:\/\/www.tascatierrasdelsur.com\/de\/#website","url":"https:\/\/www.tascatierrasdelsur.com\/de\/","name":"Tasca Tierras del Sur","description":"Granadilla","publisher":{"@id":"https:\/\/www.tascatierrasdelsur.com\/de\/#organization"},"potentialAction":[{"@type":"SearchAction","target":{"@type":"EntryPoint","urlTemplate":"https:\/\/www.tascatierrasdelsur.com\/de\/?s={search_term_string}"},"query-input":{"@type":"PropertyValueSpecification","valueRequired":true,"valueName":"search_term_string"}}],"inLanguage":"de-DE"},{"@type":"Organization","@id":"https:\/\/www.tascatierrasdelsur.com\/de\/#organization","name":"Tasca Tierras Del Sur","url":"https:\/\/www.tascatierrasdelsur.com\/de\/","logo":{"@type":"ImageObject","inLanguage":"de-DE","@id":"https:\/\/www.tascatierrasdelsur.com\/de\/#\/schema\/logo\/image\/","url":"https:\/\/www.tascatierrasdelsur.com\/wp-content\/uploads\/2020\/06\/logo-new4.png","contentUrl":"https:\/\/www.tascatierrasdelsur.com\/wp-content\/uploads\/2020\/06\/logo-new4.png","width":240,"height":107,"caption":"Tasca Tierras Del Sur"},"image":{"@id":"https:\/\/www.tascatierrasdelsur.com\/de\/#\/schema\/logo\/image\/"},"sameAs":["https:\/\/www.facebook.com\/tascatierrasdelsur"]}]}},"_links":{"self":[{"href":"https:\/\/www.tascatierrasdelsur.com\/de\/wp-json\/wp\/v2\/pages\/15180"}],"collection":[{"href":"https:\/\/www.tascatierrasdelsur.com\/de\/wp-json\/wp\/v2\/pages"}],"about":[{"href":"https:\/\/www.tascatierrasdelsur.com\/de\/wp-json\/wp\/v2\/types\/page"}],"author":[{"embeddable":true,"href":"https:\/\/www.tascatierrasdelsur.com\/de\/wp-json\/wp\/v2\/users\/1"}],"replies":[{"embeddable":true,"href":"https:\/\/www.tascatierrasdelsur.com\/de\/wp-json\/wp\/v2\/comments?post=15180"}],"version-history":[{"count":3,"href":"https:\/\/www.tascatierrasdelsur.com\/de\/wp-json\/wp\/v2\/pages\/15180\/revisions"}],"predecessor-version":[{"id":15207,"href":"https:\/\/www.tascatierrasdelsur.com\/de\/wp-json\/wp\/v2\/pages\/15180\/revisions\/15207"}],"up":[{"embeddable":true,"href":"https:\/\/www.tascatierrasdelsur.com\/de\/wp-json\/wp\/v2\/pages\/13675"}],"wp:attachment":[{"href":"https:\/\/www.tascatierrasdelsur.com\/de\/wp-json\/wp\/v2\/media?parent=15180"}],"curies":[{"name":"wp","href":"https:\/\/api.w.org\/{rel}","templated":true}]}}

<p><img loading="lazy" decoding="async" class="alignleft size-full wp-image-14869" src="http://www.tascatierrasdelsur.com/wp-content/uploads/2020/06/6984873169_309de5d51b-300x225-1.jpg" alt="" width="300" height="225" /></p>
<p class="p1">In der Tasca richten wir Feiern bis zu 50 Personen aus:</p>
<ul class="ul1">
<li class="li2">Intime Hochzeiten</li>
<li class="li2">Komunionen und Taufen</li>
<li class="li2">Geburtstage</li>
<li class="li2">Polterabende</li>
<li class="li2">Geschäftsessen</li>
<li class="li2">Weihnachtsessen</li>
<li class="li2">Incentive Gesellschaften</li>
</ul>
<p class="p1">Ab 35 Personen bieten wir Ihnen die Möglichkeit die Tasca exclusivamente für Ihre Feier zu nutzen. Ausserdem bieten wir Ihnen die persönliche Dekorationen zu jedem Anlass, Livemusik oder andere Unterhaltungen.</p>

<p>In der Tasca richten wir Feiern bis zu 50 Personen aus: Intime Hochzeiten Komunionen und Taufen Geburtstage Polterabende Geschäftsessen Weihnachtsessen Incentive Gesellschaften Ab 35 Personen bieten wir Ihnen die Möglichkeit die Tasca exclusivamente für Ihre Feier zu nutzen. Ausserdem bieten wir Ihnen die persönliche Dekorationen zu jedem Anlass, Livemusik oder andere Unterhaltungen.</p>

<!-- This site is optimized with the Yoast SEO plugin v23.5 - https://yoast.com/wordpress/plugins/seo/ -->
<title>Feiern und Bankette - Tasca Tierras del Sur</title>
<meta name="robots" content="index, follow, max-snippet:-1, max-image-preview:large, max-video-preview:-1" />
<link rel="canonical" href="https://www.tascatierrasdelsur.com/de/la-tasca/feiern-und-bankette/" />
<meta property="og:locale" content="de_DE" />
<meta property="og:type" content="article" />
<meta property="og:title" content="Feiern und Bankette - Tasca Tierras del Sur" />
<meta property="og:description" content="In der Tasca richten wir Feiern bis zu 50 Personen aus: Intime Hochzeiten Komunionen und Taufen Geburtstage Polterabende Geschäftsessen Weihnachtsessen Incentive Gesellschaften Ab 35 Personen bieten wir Ihnen die Möglichkeit die Tasca exclusivamente für Ihre Feier zu nutzen. Ausserdem bieten wir Ihnen die persönliche Dekorationen zu jedem Anlass, Livemusik oder andere Unterhaltungen." />
<meta property="og:url" content="https://www.tascatierrasdelsur.com/de/la-tasca/feiern-und-bankette/" />
<meta property="og:site_name" content="Tasca Tierras del Sur" />
<meta property="article:publisher" content="https://www.facebook.com/tascatierrasdelsur" />
<meta property="og:image" content="http://www.tascatierrasdelsur.com/wp-content/uploads/2020/06/6984873169_309de5d51b-300x225-1.jpg" />
<meta name="twitter:card" content="summary_large_image" />
<script type="application/ld+json" class="yoast-schema-graph">{"@context":"https://schema.org","@graph":[{"@type":"WebPage","@id":"https://www.tascatierrasdelsur.com/de/la-tasca/feiern-und-bankette/","url":"https://www.tascatierrasdelsur.com/de/la-tasca/feiern-und-bankette/","name":"Feiern und Bankette - Tasca Tierras del Sur","isPartOf":{"@id":"https://www.tascatierrasdelsur.com/de/#website"},"primaryImageOfPage":{"@id":"https://www.tascatierrasdelsur.com/de/la-tasca/feiern-und-bankette/#primaryimage"},"image":{"@id":"https://www.tascatierrasdelsur.com/de/la-tasca/feiern-und-bankette/#primaryimage"},"thumbnailUrl":"http://www.tascatierrasdelsur.com/wp-content/uploads/2020/06/6984873169_309de5d51b-300x225-1.jpg","datePublished":"2020-06-27T23:53:20+00:00","dateModified":"2020-06-27T23:53:20+00:00","breadcrumb":{"@id":"https://www.tascatierrasdelsur.com/de/la-tasca/feiern-und-bankette/#breadcrumb"},"inLanguage":"de-DE","potentialAction":[{"@type":"ReadAction","target":["https://www.tascatierrasdelsur.com/de/la-tasca/feiern-und-bankette/"]}]},{"@type":"ImageObject","inLanguage":"de-DE","@id":"https://www.tascatierrasdelsur.com/de/la-tasca/feiern-und-bankette/#primaryimage","url":"http://www.tascatierrasdelsur.com/wp-content/uploads/2020/06/6984873169_309de5d51b-300x225-1.jpg","contentUrl":"http://www.tascatierrasdelsur.com/wp-content/uploads/2020/06/6984873169_309de5d51b-300x225-1.jpg"},{"@type":"BreadcrumbList","@id":"https://www.tascatierrasdelsur.com/de/la-tasca/feiern-und-bankette/#breadcrumb","itemListElement":[{"@type":"ListItem","position":1,"name":"Portada","item":"https://www.tascatierrasdelsur.com/de/"},{"@type":"ListItem","position":2,"name":"La Tasca","item":"https://www.tascatierrasdelsur.com/de/la-tasca/"},{"@type":"ListItem","position":3,"name":"Feiern und Bankette"}]},{"@type":"WebSite","@id":"https://www.tascatierrasdelsur.com/de/#website","url":"https://www.tascatierrasdelsur.com/de/","name":"Tasca Tierras del Sur","description":"Granadilla","publisher":{"@id":"https://www.tascatierrasdelsur.com/de/#organization"},"potentialAction":[{"@type":"SearchAction","target":{"@type":"EntryPoint","urlTemplate":"https://www.tascatierrasdelsur.com/de/?s={search_term_string}"},"query-input":{"@type":"PropertyValueSpecification","valueRequired":true,"valueName":"search_term_string"}}],"inLanguage":"de-DE"},{"@type":"Organization","@id":"https://www.tascatierrasdelsur.com/de/#organization","name":"Tasca Tierras Del Sur","url":"https://www.tascatierrasdelsur.com/de/","logo":{"@type":"ImageObject","inLanguage":"de-DE","@id":"https://www.tascatierrasdelsur.com/de/#/schema/logo/image/","url":"https://www.tascatierrasdelsur.com/wp-content/uploads/2020/06/logo-new4.png","contentUrl":"https://www.tascatierrasdelsur.com/wp-content/uploads/2020/06/logo-new4.png","width":240,"height":107,"caption":"Tasca Tierras Del Sur"},"image":{"@id":"https://www.tascatierrasdelsur.com/de/#/schema/logo/image/"},"sameAs":["https://www.facebook.com/tascatierrasdelsur"]}]}</script>
<!-- / Yoast SEO plugin. -->

In der Tasca richten wir Feiern bis zu 50 Personen aus: Intime Hochzeiten Komunionen und Taufen Geburtstage Polterabende Geschäftsessen Weihnachtsessen Incentive Gesellschaften Ab 35 Personen bieten wir Ihnen die Möglichkeit die Tasca exclusivamente für Ihre Feier zu nutzen. Ausserdem bieten wir Ihnen die persönliche Dekorationen zu jedem Anlass, Livemusik oder andere Unterhaltungen.
